{"id":5110,"date":"2024-01-04T15:04:34","date_gmt":"2024-01-04T15:04:34","guid":{"rendered":"https:\/\/pferdealtersweide-valendas.ch\/wpValendas\/?page_id=5110"},"modified":"2025-08-21T05:03:56","modified_gmt":"2025-08-21T05:03:56","slug":"weiden","status":"publish","type":"page","link":"https:\/\/pferdealtersweide-valendas.ch\/wpValendas\/weiden\/","title":{"rendered":"Weiden"},"content":{"rendered":"\t\t<div data-elementor-type=\"wp-page\" data-elementor-id=\"5110\" class=\"elementor elementor-5110\">\n\t\t\t\t<div class=\"elementor-element elementor-element-6d9f7381 e-flex e-con-boxed e-con e-parent\" data-id=\"6d9f7381\" data-element_type=\"container\" data-e-type=\"container\" data-settings=\"{&quot;background_background&quot;:&quot;classic&quot;}\">\n\t\t\t\t\t<div class=\"e-con-inner\">\n\t\t\t\t<div class=\"elementor-element elementor-element-4e99e619 elementor-hidden-desktop elementor-hidden-tablet elementor-hidden-mobile elementor-widget elementor-widget-heading\" data-id=\"4e99e619\" data-element_type=\"widget\" data-e-type=\"widget\" data-settings=\"{&quot;_animation&quot;:&quot;none&quot;}\" data-widget_type=\"heading.default\">\n\t\t\t\t<div class=\"elementor-widget-container\">\n\t\t\t\t\t<h1 class=\"elementor-heading-title elementor-size-default\">Weiden<\/h1>\t\t\t\t<\/div>\n\t\t\t\t<\/div>\n\t\t\t\t\t<\/div>\n\t\t\t\t<\/div>\n\t\t<div class=\"elementor-element elementor-element-61adaecd e-flex e-con-boxed e-con e-parent\" data-id=\"61adaecd\" data-element_type=\"container\" data-e-type=\"container\" data-settings=\"{&quot;background_background&quot;:&quot;classic&quot;}\">\n\t\t\t\t\t<div class=\"e-con-inner\">\n\t\t\t\t<div class=\"elementor-element elementor-element-2394b42c elementor-widget elementor-widget-heading\" data-id=\"2394b42c\" data-element_type=\"widget\" data-e-type=\"widget\" data-widget_type=\"heading.default\">\n\t\t\t\t<div class=\"elementor-widget-container\">\n\t\t\t\t\t<h6 class=\"elementor-heading-title elementor-size-default\">Infos<\/h6>\t\t\t\t<\/div>\n\t\t\t\t<\/div>\n\t\t\t\t<div class=\"elementor-element elementor-element-10d63a37 elementor-widget elementor-widget-heading\" data-id=\"10d63a37\" data-element_type=\"widget\" data-e-type=\"widget\" data-widget_type=\"heading.default\">\n\t\t\t\t<div class=\"elementor-widget-container\">\n\t\t\t\t\t<h2 class=\"elementor-heading-title elementor-size-default\">Weiden<\/h2>\t\t\t\t<\/div>\n\t\t\t\t<\/div>\n\t\t\t\t<div class=\"elementor-element elementor-element-2cd27762 elementor-widget-divider--view-line elementor-widget elementor-widget-divider\" data-id=\"2cd27762\" data-element_type=\"widget\" data-e-type=\"widget\" data-widget_type=\"divider.default\">\n\t\t\t\t<div class=\"elementor-widget-container\">\n\t\t\t\t\t\t\t<div class=\"elementor-divider\">\n\t\t\t<span class=\"elementor-divider-separator\">\n\t\t\t\t\t\t<\/span>\n\t\t<\/div>\n\t\t\t\t\t\t<\/div>\n\t\t\t\t<\/div>\n\t\t\t\t\t<\/div>\n\t\t\t\t<\/div>\n\t\t<div class=\"elementor-element elementor-element-21ea5e2 e-flex e-con-boxed e-con e-parent\" data-id=\"21ea5e2\" data-element_type=\"container\" data-e-type=\"container\" data-settings=\"{&quot;background_background&quot;:&quot;classic&quot;}\">\n\t\t\t\t\t<div class=\"e-con-inner\">\n\t\t<div class=\"elementor-element elementor-element-4477d4f2 e-con-full e-flex e-con e-child\" data-id=\"4477d4f2\" data-element_type=\"container\" data-e-type=\"container\">\n\t\t<div class=\"elementor-element elementor-element-75a47495 e-con-full e-flex e-con e-child\" data-id=\"75a47495\" data-element_type=\"container\" data-e-type=\"container\">\n\t\t\t\t<div class=\"elementor-element elementor-element-21a563d7 elementor-widget elementor-widget-text-editor\" data-id=\"21a563d7\" data-element_type=\"widget\" data-e-type=\"widget\" data-widget_type=\"text-editor.default\">\n\t\t\t\t<div class=\"elementor-widget-container\">\n\t\t\t\t\t\t\t\t\t<p>Freie Bewegung ist f\u00fcr Pferde ein Muss \u2013 das gilt auch f\u00fcr die Senioren. Auf den weitl\u00e4ufigen und gepflegten Weiden haben die drei Pferdeherden ihre eigenen Bereiche, wo es sich nach Herzenslust toben, spielen, raufen, wallen und nat\u00fcrlich fressen l\u00e4sst. Dabei ist der Zugang zum Offenstall stets gew\u00e4hrleistet, sodass sich die Pferde auch in die St\u00e4lle zur\u00fcckziehen k\u00f6nnen, wenn es etwa warm wird oder die Insektenplage allzu gross wird. Da auch die Tr\u00e4nken jeweils in den Offenst\u00e4llen sind, ist f\u00fcr Bewegung gesorgt: wer Durst hat, muss erst mal aktiv werden\u2026<\/p>\t\t\t\t\t\t\t\t<\/div>\n\t\t\t\t<\/div>\n\t\t\t\t<div class=\"elementor-element elementor-element-199d5272 elementor-widget elementor-widget-text-editor\" data-id=\"199d5272\" data-element_type=\"widget\" data-e-type=\"widget\" data-widget_type=\"text-editor.default\">\n\t\t\t\t<div class=\"elementor-widget-container\">\n\t\t\t\t\t\t\t\t\t<p><strong>Weidezeit: <\/strong>Die Sommerweiden sind von ca. 1. Mai bis ca. Ende Oktober offen; die Winterweiden von Anfang Dezember bis Mitte M\u00e4rz.<\/p>\t\t\t\t\t\t\t\t<\/div>\n\t\t\t\t<\/div>\n\t\t<div class=\"elementor-element elementor-element-4a726699 e-flex e-con-boxed e-con e-child\" data-id=\"4a726699\" data-element_type=\"container\" data-e-type=\"container\">\n\t\t\t\t\t<div class=\"e-con-inner\">\n\t\t\t\t\t<\/div>\n\t\t\t\t<\/div>\n\t\t\t\t<\/div>\n\t\t\t\t<\/div>\n\t\t\t\t\t<\/div>\n\t\t\t\t<\/div>\n\t\t<div class=\"elementor-element elementor-element-50658595 e-flex e-con-boxed e-con e-parent\" data-id=\"50658595\" data-element_type=\"container\" data-e-type=\"container\" data-settings=\"{&quot;background_background&quot;:&quot;classic&quot;}\">\n\t\t\t\t\t<div class=\"e-con-inner\">\n\t\t\t\t<div class=\"elementor-element elementor-element-383f00dc elementor-hidden-desktop elementor-hidden-tablet elementor-hidden-mobile elementor-widget elementor-widget-heading\" data-id=\"383f00dc\" data-element_type=\"widget\" data-e-type=\"widget\" data-widget_type=\"heading.default\">\n\t\t\t\t<div class=\"elementor-widget-container\">\n\t\t\t\t\t<h1 class=\"elementor-heading-title elementor-size-default\">Weiden<\/h1>\t\t\t\t<\/div>\n\t\t\t\t<\/div>\n\t\t\t\t\t<\/div>\n\t\t\t\t<\/div>\n\t\t<div class=\"elementor-element elementor-element-ed4e642 e-flex e-con-boxed e-con e-parent\" data-id=\"ed4e642\" data-element_type=\"container\" data-e-type=\"container\" data-settings=\"{&quot;background_background&quot;:&quot;classic&quot;}\">\n\t\t\t\t\t<div class=\"e-con-inner\">\n\t\t<div class=\"elementor-element elementor-element-3eb13022 e-flex e-con-boxed e-con e-child\" data-id=\"3eb13022\" data-element_type=\"container\" data-e-type=\"container\">\n\t\t\t\t\t<div class=\"e-con-inner\">\n\t\t\t\t<div class=\"elementor-element elementor-element-4ddc3731 elementor-widget elementor-widget-image\" data-id=\"4ddc3731\" data-element_type=\"widget\" data-e-type=\"widget\" data-widget_type=\"image.default\">\n\t\t\t\t<div class=\"elementor-widget-container\">\n\t\t\t\t\t\t\t\t\t\t\t\t\t\t\t\t<a href=\"https:\/\/pferdealtersweide-valendas.ch\">\n\t\t\t\t\t\t\t<img fetchpriority=\"high\" decoding=\"async\" width=\"768\" height=\"155\" src=\"https:\/\/pferdealtersweide-valendas.ch\/wpValendas\/wp-content\/uploads\/2023\/12\/logowebseitekl-1024x206-1-90x18.jpg\" class=\"attachment-medium_large size-medium_large wp-image-4362\" alt=\"\" srcset=\"https:\/\/pferdealtersweide-valendas.ch\/wpValendas\/wp-content\/uploads\/2023\/12\/logowebseitekl-1024x206-1-768x155.jpg 768w, https:\/\/pferdealtersweide-valendas.ch\/wpValendas\/wp-content\/uploads\/2023\/12\/logowebseitekl-1024x206-1-300x60.jpg 300w, https:\/\/pferdealtersweide-valendas.ch\/wpValendas\/wp-content\/uploads\/2023\/12\/logowebseitekl-1024x206-1-90x18.jpg 90w, https:\/\/pferdealtersweide-valendas.ch\/wpValendas\/wp-content\/uploads\/2023\/12\/logowebseitekl-1024x206-1.jpg 1024w\" sizes=\"(max-width: 768px) 100vw, 768px\" \/>\t\t\t\t\t\t\t\t<\/a>\n\t\t\t\t\t\t\t\t\t\t\t\t\t\t\t<\/div>\n\t\t\t\t<\/div>\n\t\t\t\t\t<\/div>\n\t\t\t\t<\/div>\n\t\t\t\t\t<\/div>\n\t\t\t\t<\/div>\n\t\t\t\t<\/div>\n\t\t","protected":false},"excerpt":{"rendered":"<p>Weiden Infos Weiden Freie Bewegung ist f\u00fcr Pferde ein Muss \u2013 das gilt auch f\u00fcr die Senioren. Auf den weitl\u00e4ufigen und gepflegten Weiden haben die drei Pferdeherden ihre eigenen Bereiche, wo es sich nach Herzenslust toben, spielen, raufen, wallen und nat\u00fcrlich fressen l\u00e4sst. Dabei ist der Zugang zum Offenstall stets gew\u00e4hrleistet, sodass sich die Pferde [&hellip;]<\/p>\n","protected":false},"author":1,"featured_media":0,"parent":0,"menu_order":0,"comment_status":"closed","ping_status":"closed","template":"","meta":{"site-sidebar-layout":"no-sidebar","site-content-layout":"page-builder","ast-site-content-layout":"full-width-container","site-content-style":"default","site-sidebar-style":"default","ast-global-header-display":"","ast-banner-title-visibility":"","ast-main-header-display":"","ast-hfb-above-header-display":"","ast-hfb-below-header-display":"","ast-hfb-mobile-header-display":"","site-post-title":"disabled","ast-breadcrumbs-content":"","ast-featured-img":"disabled","footer-sml-layout":"","ast-disable-related-posts":"","theme-transparent-header-meta":"","adv-header-id-meta":"","stick-header-meta":"","header-above-stick-meta":"","header-main-stick-meta":"","header-below-stick-meta":"","astra-migrate-meta-layouts":"set","ast-page-background-enabled":"default","ast-page-background-meta":{"desktop":{"background-color":"var(--ast-global-color-4)","background-image":"","background-repeat":"repeat","background-position":"center center","background-size":"auto","background-attachment":"scroll","background-type":"","background-media":"","overlay-type":"","overlay-color":"","overlay-opacity":"","overlay-gradient":""},"tablet":{"background-color":"","background-image":"","background-repeat":"repeat","background-position":"center center","background-size":"auto","background-attachment":"scroll","background-type":"","background-media":"","overlay-type":"","overlay-color":"","overlay-opacity":"","overlay-gradient":""},"mobile":{"background-color":"","background-image":"","background-repeat":"repeat","background-position":"center center","background-size":"auto","background-attachment":"scroll","background-type":"","background-media":"","overlay-type":"","overlay-color":"","overlay-opacity":"","overlay-gradient":""}},"ast-content-background-meta":{"desktop":{"background-color":"var(--ast-global-color-5)","background-image":"","background-repeat":"repeat","background-position":"center center","background-size":"auto","background-attachment":"scroll","background-type":"","background-media":"","overlay-type":"","overlay-color":"","overlay-opacity":"","overlay-gradient":""},"tablet":{"background-color":"var(--ast-global-color-5)","background-image":"","background-repeat":"repeat","background-position":"center center","background-size":"auto","background-attachment":"scroll","background-type":"","background-media":"","overlay-type":"","overlay-color":"","overlay-opacity":"","overlay-gradient":""},"mobile":{"background-color":"var(--ast-global-color-5)","background-image":"","background-repeat":"repeat","background-position":"center center","background-size":"auto","background-attachment":"scroll","background-type":"","background-media":"","overlay-type":"","overlay-color":"","overlay-opacity":"","overlay-gradient":""}},"footnotes":""},"class_list":["post-5110","page","type-page","status-publish","hentry"],"_links":{"self":[{"href":"https:\/\/pferdealtersweide-valendas.ch\/wpValendas\/wp-json\/wp\/v2\/pages\/5110","targetHints":{"allow":["GET"]}}],"collection":[{"href":"https:\/\/pferdealtersweide-valendas.ch\/wpValendas\/wp-json\/wp\/v2\/pages"}],"about":[{"href":"https:\/\/pferdealtersweide-valendas.ch\/wpValendas\/wp-json\/wp\/v2\/types\/page"}],"author":[{"embeddable":true,"href":"https:\/\/pferdealtersweide-valendas.ch\/wpValendas\/wp-json\/wp\/v2\/users\/1"}],"replies":[{"embeddable":true,"href":"https:\/\/pferdealtersweide-valendas.ch\/wpValendas\/wp-json\/wp\/v2\/comments?post=5110"}],"version-history":[{"count":17,"href":"https:\/\/pferdealtersweide-valendas.ch\/wpValendas\/wp-json\/wp\/v2\/pages\/5110\/revisions"}],"predecessor-version":[{"id":6148,"href":"https:\/\/pferdealtersweide-valendas.ch\/wpValendas\/wp-json\/wp\/v2\/pages\/5110\/revisions\/6148"}],"wp:attachment":[{"href":"https:\/\/pferdealtersweide-valendas.ch\/wpValendas\/wp-json\/wp\/v2\/media?parent=5110"}],"curies":[{"name":"wp","href":"https:\/\/api.w.org\/{rel}","templated":true}]}}

<div data-elementor-type="wp-page" data-elementor-id="5110" class="elementor elementor-5110">
				<div class="elementor-element elementor-element-6d9f7381 e-flex e-con-boxed e-con e-parent" data-id="6d9f7381" data-element_type="container" data-e-type="container" data-settings="{&quot;background_background&quot;:&quot;classic&quot;}">
					<div class="e-con-inner">
				<div class="elementor-element elementor-element-4e99e619 elementor-hidden-desktop elementor-hidden-tablet elementor-hidden-mobile elementor-widget elementor-widget-heading" data-id="4e99e619" data-element_type="widget" data-e-type="widget" data-settings="{&quot;_animation&quot;:&quot;none&quot;}" data-widget_type="heading.default">
				<div class="elementor-widget-container">
					<h1 class="elementor-heading-title elementor-size-default">Weiden</h1>				</div>
				</div>
					</div>
				</div>
		<div class="elementor-element elementor-element-61adaecd e-flex e-con-boxed e-con e-parent" data-id="61adaecd" data-element_type="container" data-e-type="container" data-settings="{&quot;background_background&quot;:&quot;classic&quot;}">
					<div class="e-con-inner">
				<div class="elementor-element elementor-element-2394b42c elementor-widget elementor-widget-heading" data-id="2394b42c" data-element_type="widget" data-e-type="widget" data-widget_type="heading.default">
				<div class="elementor-widget-container">
					<h6 class="elementor-heading-title elementor-size-default">Infos</h6>				</div>
				</div>
				<div class="elementor-element elementor-element-10d63a37 elementor-widget elementor-widget-heading" data-id="10d63a37" data-element_type="widget" data-e-type="widget" data-widget_type="heading.default">
				<div class="elementor-widget-container">
					<h2 class="elementor-heading-title elementor-size-default">Weiden</h2>				</div>
				</div>
				<div class="elementor-element elementor-element-2cd27762 elementor-widget-divider--view-line elementor-widget elementor-widget-divider" data-id="2cd27762" data-element_type="widget" data-e-type="widget" data-widget_type="divider.default">
				<div class="elementor-widget-container">
							<div class="elementor-divider">
			<span class="elementor-divider-separator">
						</span>
		</div>
						</div>
				</div>
					</div>
				</div>
		<div class="elementor-element elementor-element-21ea5e2 e-flex e-con-boxed e-con e-parent" data-id="21ea5e2" data-element_type="container" data-e-type="container" data-settings="{&quot;background_background&quot;:&quot;classic&quot;}">
					<div class="e-con-inner">
		<div class="elementor-element elementor-element-4477d4f2 e-con-full e-flex e-con e-child" data-id="4477d4f2" data-element_type="container" data-e-type="container">
		<div class="elementor-element elementor-element-75a47495 e-con-full e-flex e-con e-child" data-id="75a47495" data-element_type="container" data-e-type="container">
				<div class="elementor-element elementor-element-21a563d7 elementor-widget elementor-widget-text-editor" data-id="21a563d7" data-element_type="widget" data-e-type="widget" data-widget_type="text-editor.default">
				<div class="elementor-widget-container">
									<p>Freie Bewegung ist für Pferde ein Muss – das gilt auch für die Senioren. Auf den weitläufigen und gepflegten Weiden haben die drei Pferdeherden ihre eigenen Bereiche, wo es sich nach Herzenslust toben, spielen, raufen, wallen und natürlich fressen lässt. Dabei ist der Zugang zum Offenstall stets gewährleistet, sodass sich die Pferde auch in die Ställe zurückziehen können, wenn es etwa warm wird oder die Insektenplage allzu gross wird. Da auch die Tränken jeweils in den Offenställen sind, ist für Bewegung gesorgt: wer Durst hat, muss erst mal aktiv werden…</p>								</div>
				</div>
				<div class="elementor-element elementor-element-199d5272 elementor-widget elementor-widget-text-editor" data-id="199d5272" data-element_type="widget" data-e-type="widget" data-widget_type="text-editor.default">
				<div class="elementor-widget-container">
									<p><strong>Weidezeit: </strong>Die Sommerweiden sind von ca. 1. Mai bis ca. Ende Oktober offen; die Winterweiden von Anfang Dezember bis Mitte März.</p>								</div>
				</div>
		<div class="elementor-element elementor-element-4a726699 e-flex e-con-boxed e-con e-child" data-id="4a726699" data-element_type="container" data-e-type="container">
					<div class="e-con-inner">
					</div>
				</div>
				</div>
				</div>
					</div>
				</div>
		<div class="elementor-element elementor-element-50658595 e-flex e-con-boxed e-con e-parent" data-id="50658595" data-element_type="container" data-e-type="container" data-settings="{&quot;background_background&quot;:&quot;classic&quot;}">
					<div class="e-con-inner">
				<div class="elementor-element elementor-element-383f00dc elementor-hidden-desktop elementor-hidden-tablet elementor-hidden-mobile elementor-widget elementor-widget-heading" data-id="383f00dc" data-element_type="widget" data-e-type="widget" data-widget_type="heading.default">
				<div class="elementor-widget-container">
					<h1 class="elementor-heading-title elementor-size-default">Weiden</h1>				</div>
				</div>
					</div>
				</div>
		<div class="elementor-element elementor-element-ed4e642 e-flex e-con-boxed e-con e-parent" data-id="ed4e642" data-element_type="container" data-e-type="container" data-settings="{&quot;background_background&quot;:&quot;classic&quot;}">
					<div class="e-con-inner">
		<div class="elementor-element elementor-element-3eb13022 e-flex e-con-boxed e-con e-child" data-id="3eb13022" data-element_type="container" data-e-type="container">
					<div class="e-con-inner">
				<div class="elementor-element elementor-element-4ddc3731 elementor-widget elementor-widget-image" data-id="4ddc3731" data-element_type="widget" data-e-type="widget" data-widget_type="image.default">
				<div class="elementor-widget-container">
																<a href="https://pferdealtersweide-valendas.ch">
							<img fetchpriority="high" decoding="async" width="768" height="155" src="https://pferdealtersweide-valendas.ch/wpValendas/wp-content/uploads/2023/12/logowebseitekl-1024x206-1-90x18.jpg" class="attachment-medium_large size-medium_large wp-image-4362" alt="" srcset="https://pferdealtersweide-valendas.ch/wpValendas/wp-content/uploads/2023/12/logowebseitekl-1024x206-1-768x155.jpg 768w, https://pferdealtersweide-valendas.ch/wpValendas/wp-content/uploads/2023/12/logowebseitekl-1024x206-1-300x60.jpg 300w, https://pferdealtersweide-valendas.ch/wpValendas/wp-content/uploads/2023/12/logowebseitekl-1024x206-1-90x18.jpg 90w, https://pferdealtersweide-valendas.ch/wpValendas/wp-content/uploads/2023/12/logowebseitekl-1024x206-1.jpg 1024w" sizes="(max-width: 768px) 100vw, 768px" />								</a>
															</div>
				</div>
					</div>
				</div>
					</div>
				</div>
				</div>

<p>Weiden Infos Weiden Freie Bewegung ist für Pferde ein Muss – das gilt auch für die Senioren. Auf den weitläufigen und gepflegten Weiden haben die drei Pferdeherden ihre eigenen Bereiche, wo es sich nach Herzenslust toben, spielen, raufen, wallen und natürlich fressen lässt. Dabei ist der Zugang zum Offenstall stets gewährleistet, sodass sich die Pferde [&hellip;]</p>
